{"id":572,"date":"2025-07-30T10:18:08","date_gmt":"2025-07-30T10:18:08","guid":{"rendered":"https:\/\/heritagevietnam.org.vn\/?page_id=572"},"modified":"2025-07-30T10:18:08","modified_gmt":"2025-07-30T10:18:08","slug":"dich-vu-heritage","status":"publish","type":"page","link":"https:\/\/heritagevietnam.org.vn\/index.php\/dich-vu-heritage\/","title":{"rendered":"D\u1ecbch v\u1ee5 Heritage"},"content":{"rendered":"<div style=\"max-width: 1000px; margin: 40px auto; display: flex; flex-wrap: wrap; justify-content: center; gap: 40px 20px; font-family: sans-serif; text-align: center;\">\n<p>  <!-- H\u00e0ng 1 --><\/p>\n<div style=\"width: 30%;\">\n    <img decoding=\"async\" src=\"https:\/\/heritagevietnam.org.vn\/wp-content\/uploads\/2025\/07\/Untitled-15.jpg\" style=\"width: 100%; height: auto;\"><\/p>\n<div style=\"margin-top: 10px; font-weight: bold; color: #7c0045;\">Gi\u1ea3i ph\u00e1p cho nh\u00e0 \u0111\u1ea7u t\u01b0<\/div>\n<\/p><\/div>\n<div style=\"width: 30%;\">\n    <img decoding=\"async\" src=\"https:\/\/heritagevietnam.org.vn\/wp-content\/uploads\/2025\/07\/3.jpg\" style=\"width: 100%; height: auto;\"><\/p>\n<div style=\"margin-top: 10px; font-weight: bold; color: #7c0045;\">Gi\u1ea3i ph\u00e1p cho \u0111\u1ecba ph\u01b0\u01a1ng<\/div>\n<\/p><\/div>\n<div style=\"width: 30%;\">\n    <img decoding=\"async\" src=\"https:\/\/heritagevietnam.org.vn\/wp-content\/uploads\/2025\/07\/4.jpg\" style=\"width: 100%; height: auto;\"><\/p>\n<div style=\"margin-top: 10px; font-weight: bold; color: #7c0045;\">Gi\u1ea3i ph\u00e1p cho l\u00e0ng ngh\u1ec1<\/div>\n<\/p><\/div>\n<p>  <!-- H\u00e0ng 2 --><\/p>\n<div style=\"width: 30%;\">\n    <img decoding=\"async\" src=\"https:\/\/heritagevietnam.org.vn\/wp-content\/uploads\/2025\/07\/Untitled-5.jpg\" style=\"width: 100%; height: auto;\"><\/p>\n<div style=\"margin-top: 10px; font-weight: bold; color: #7c0045;\">Li\u00ean k\u1ebft Heritage Vi\u1ec7t Nam v\u00e0 qu\u1ed1c t\u1ebf<\/div>\n<\/p><\/div>\n<div style=\"width: 30%;\">\n    <img decoding=\"async\" src=\"https:\/\/heritagevietnam.org.vn\/wp-content\/uploads\/2025\/07\/Untitled-11.jpg\" style=\"width: 100%; height: auto;\"><\/p>\n<div style=\"margin-top: 10px; font-weight: bold; color: #7c0045;\">Chuy\u1ec3n giao c\u00f4ng ngh\u1ec7<\/div>\n<\/p><\/div>\n<div style=\"width: 30%;\">\n    <img decoding=\"async\" src=\"https:\/\/heritagevietnam.org.vn\/wp-content\/uploads\/2025\/07\/Untitled-14.jpg\" style=\"width: 100%; height: auto;\"><\/p>\n<div style=\"margin-top: 10px; font-weight: bold; color: #7c0045;\">B\u1ea5t \u0111\u1ed9ng s\u1ea3n ki\u1ec3u m\u1edbi<\/div>\n<\/p><\/div>\n<p>  <!-- H\u00e0ng 3 --><\/p>\n<div style=\"width: 30%;\">\n    <img decoding=\"async\" src=\"https:\/\/heritagevietnam.org.vn\/wp-content\/uploads\/2025\/07\/Untitled-5.jpg\" style=\"width: 100%; height: auto;\"><\/p>\n<div style=\"margin-top: 10px; font-weight: bold; color: #7c0045;\">D\u00f2ng ti\u1ec1n v\u00e0o s\u1ea3n xu\u1ea5t kinh doanh<\/div>\n<\/p><\/div>\n<\/div>\n","protected":false},"excerpt":{"rendered":"<p>Gi\u1ea3i ph\u00e1p cho nh\u00e0 \u0111\u1ea7u t\u01b0 Gi\u1ea3i ph\u00e1p cho \u0111\u1ecba ph\u01b0\u01a1ng Gi\u1ea3i ph\u00e1p cho l\u00e0ng ngh\u1ec1 Li\u00ean k\u1ebft Heritage Vi\u1ec7t Nam v\u00e0 qu\u1ed1c t\u1ebf Chuy\u1ec3n giao c\u00f4ng ngh\u1ec7 B\u1ea5t \u0111\u1ed9ng s\u1ea3n ki\u1ec3u m\u1edbi D\u00f2ng ti\u1ec1n v\u00e0o s\u1ea3n xu\u1ea5t kinh doanh<\/p>\n","protected":false},"author":1,"featured_media":0,"parent":0,"menu_order":0,"comment_status":"closed","ping_status":"closed","template":"","meta":{"footnotes":""},"class_list":["post-572","page","type-page","status-publish","hentry"],"_links":{"self":[{"href":"https:\/\/heritagevietnam.org.vn\/index.php\/wp-json\/wp\/v2\/pages\/572","targetHints":{"allow":["GET"]}}],"collection":[{"href":"https:\/\/heritagevietnam.org.vn\/index.php\/wp-json\/wp\/v2\/pages"}],"about":[{"href":"https:\/\/heritagevietnam.org.vn\/index.php\/wp-json\/wp\/v2\/types\/page"}],"author":[{"embeddable":true,"href":"https:\/\/heritagevietnam.org.vn\/index.php\/wp-json\/wp\/v2\/users\/1"}],"replies":[{"embeddable":true,"href":"https:\/\/heritagevietnam.org.vn\/index.php\/wp-json\/wp\/v2\/comments?post=572"}],"version-history":[{"count":1,"href":"https:\/\/heritagevietnam.org.vn\/index.php\/wp-json\/wp\/v2\/pages\/572\/revisions"}],"predecessor-version":[{"id":574,"href":"https:\/\/heritagevietnam.org.vn\/index.php\/wp-json\/wp\/v2\/pages\/572\/revisions\/574"}],"wp:attachment":[{"href":"https:\/\/heritagevietnam.org.vn\/index.php\/wp-json\/wp\/v2\/media?parent=572"}],"curies":[{"name":"wp","href":"https:\/\/api.w.org\/{rel}","templated":true}]}}